{"id":71,"date":"2019-05-07T18:37:48","date_gmt":"2019-05-07T18:37:48","guid":{"rendered":"http:\/\/www.heuchelbergtrail.de\/?page_id=71"},"modified":"2025-05-21T21:17:14","modified_gmt":"2025-05-21T21:17:14","slug":"ausschreibung","status":"publish","type":"page","link":"http:\/\/www.heuchelbergtrail.de\/?page_id=71","title":{"rendered":"\/\/AUSSCHREIBUNG"},"content":{"rendered":"\n<p>Die nachfolgenden aufgelisteten Punkte der Ausschreibung sind f\u00fcr den <strong>Heuchelbergtrail&nbsp;<\/strong>g\u00fcltig. Jede\/r Teilnehmer\/in erkennt durch seine\/ihre Anmeldung diese Ausschreibung an und versichert, dass er die einzelnen Bestimmungen vollst\u00e4ndig gelesen und verstanden hat. Er best\u00e4tigt dies durch das Setzen des Akzeptierungshakens im Anmeldeformular.<\/p>\n\n\n\n<p><strong>KLASSENEINTEILUNG<br><\/strong>Es gibt nur die Aufteilung in Frauen und M\u00e4nner. Folgend das freigegebene Alter f\u00fcr die jeweiligen Trail-Runs:<br>50k &#8222;Long &amp; Crazy&#8220;: ab 16 Jahre<br>24k &#8222;Classic &amp; Cool&#8220;: ab 16 Jahre<br>12k &#8222;Quick &amp; Dirty&#8220;: ab 12 Jahre<br>2,5k &#8222;Fresh &amp; Funky&#8220;: 8 &#8211; 15 Jahre (zum Zeitpunkt der Veranstaltung)<br>0,5k &#8222;Cute &amp; Comfy&#8220;: 3 &#8211; 7 Jahre (zum Zeitpunkt der Veranstaltung)<br><em>(Falls jemand seinem Kind zutraut, auch die l\u00e4ngere Strecke laufen zu k\u00f6nnen nat\u00fcrlich auch m\u00f6glich)<\/em><\/p>\n\n\n\n<p><strong>ANMELDUNG<br><\/strong>Die Anmeldung erfolgt online unter heuchelbergtrail.de <br>Die Anzahl der Startpl\u00e4tze auf den jeweiligen Strecken sind wie folgt limitiert:<br>50k &#8222;Long &amp; Crazy&#8220;:  150 Startpl\u00e4tze<br><span style=\"font-size: revert;\">24k &#8222;Classic &amp; Cool&#8220;:<\/span> <span style=\"font-size: revert;\">250 Startpl\u00e4tze <\/span><br><span style=\"font-size: revert;\">12k &#8222;Quick &amp; Dirty&#8220;:<\/span> <span style=\"font-size: revert;\">250 Startpl\u00e4tze <\/span><br><span style=\"font-size: revert;\">2,5k &#8222;Fresh &amp; Funky&#8220;: 500 Startpl\u00e4tze <\/span><br>0,5k &#8222;Cute &amp; Comfy&#8220;: 500 Startpl\u00e4tze <br>Die Online-Anmeldung schlie\u00dft montags um 23:00 Uhr in der Veranstaltungswoche.&nbsp;Nur wer bis zu dieser Frist seine Anmeldung online get\u00e4tigt hat, erh\u00e4lt seine personalisierte Startnummer mit seinem Namen!<br><br>\u201eNUR KIDS\u201c: Nur bei einer Online-Anmeldung erhaltet ihr ein kostenloses Heuchelbergtrail-T-Shirt.&nbsp;(Aus organisatorischen Gr\u00fcnden kann dies bei einer Nachmeldungen nicht ber\u00fccksichtigt werden)<\/p>\n\n\n\n<p><strong>NACHMELDUNGEN<br><\/strong>Nachmeldungen f\u00fcr alle Strecken sind am Veranstaltungstag ab 10.30 Uhr im Gymnastikraum des Sportheimes am Heuchelberg-Stadion m\u00f6glich, sofern das Teilnehmerlimit in der Voranmeldungsphase nicht erreicht wurde. Die Anzahl der Nachmeldepl\u00e4tze je Strecke ergibt sich aus der Differenz der gesamt verf\u00fcgbaren Startpl\u00e4tze auf dieser Distanz und der bis zum Anmeldeschluss eingegangen Anmeldungen f\u00fcr diese Distanz. <em><strong>Beispiel 50k Long&amp;Crazy:<\/strong> Es gibt 150 Startpl\u00e4tze insgesamt und in der Voranmeldungsphase haben sich 135 Teilnehmer angemeldet. Somit gibt es am Veranstaltungstag 15 Startpl\u00e4tze per Nachmeldung zu vergeben.<\/em><br><br>Die Nachmeldegeb\u00fchr betr\u00e4gt f\u00fcr die 12k, 24k und 50k jeweils <strong>10 \u20ac, &nbsp;<\/strong>sowie f\u00fcr die Kids-L\u00e4ufe (0,5 km und 2,5 km)&nbsp;<strong>5\u20ac.<\/strong>&nbsp;Kinder, die sich am Veranstaltungstag nachmelden kann aus organisatorischen Gr\u00fcnden kein T-Shirt ausgegeben werden.<br><br>Eine Stornierung oder Verschiebung des Startplatzes auf das n\u00e4chste Jahr ist generell nicht m\u00f6glich. Die \u00dcbertragung des Startplatzes auf eine andere Person ist bis \u201e60Minuten\u201c vor dem jeweiligen Start kostenfrei m\u00f6glich. Auch die Ummeldung auf eine andere Strecke ist m\u00f6glich. Bei einer Ummeldung auf eine Strecke h\u00f6heren Startgeldes ist die Differenz bei der Abholung der Startnummer zu bezahlen. Bei einer Ummeldung auf eine Strecke niedrigeren Startgeld erfolgt keine Erstattung des Differenzbetrags. Immer vorausgesetzt, das Teilnehmerlimit der gew\u00fcnschten Distanz ist noch nicht erreicht.<\/p>\n\n\n\n<p><strong>TEILNAHMEGEB\u00dcHREN<br><\/strong><em>Schwabenpreis bis 31.12.:<\/em><br>50k &#8222;Long &amp; Crazy\u201c \/\/ 45 \u20ac<br>24k &#8222;Classic &amp; Cool&#8220; \/\/ 20 \u20ac<br>12k &#8222;Quick &amp; Dirty&#8220; \/\/ 10 \u20ac<br>2,5k &#8222;Fresh &amp; Funky&#8220; \/\/ 5 \u20ac<br>0,5k &#8222;Cute &amp; Comfy&#8220; \/\/ 5 \u20ac<br><br><em>Teilnahmegeb\u00fchren von 01.01. bis 15.06.:<\/em><br>50k &#8222;Long &amp; Crazy\u201c \/\/ 55 \u20ac<br>24k &#8222;Classic &amp; Cool&#8220; \/\/ 30 \u20ac<br>12k &#8222;Quick &amp; Dirty&#8220; \/\/ 18 \u20ac<br>2,5k &#8222;Fresh &amp; Funky&#8220; \/\/ 5 \u20ac<br>0,5k &#8222;Cute &amp; Comfy&#8220; \/\/ 5 \u20ac<br><br><em>Teilnahmegeb\u00fchren ab 16.06. bis 30.06. (23:00 Uhr):<\/em><br>50k &#8222;Long &amp; Crazy\u201c \/\/ 60 \u20ac<br>24k &#8222;Classic &amp; Cool&#8220; \/\/ 35 \u20ac<br>12k &#8222;Quick &amp; Dirty&#8220; \/\/ 23 \u20ac<br>2,5k &#8222;Fresh &amp; Funky&#8220; \/\/ 5 \u20ac<br>0,5k &#8222;Cute &amp; Comfy&#8220; \/\/ 5 \u20ac<br><br>Es werden 2 \u20ac pro L\u00e4ufer zu Gunsten des gemeinn\u00fctzigen Vereins Lolo&#8217;s and Friends gespendet: <a href=\"https:\/\/www.lolosfriends.de\/\" target=\"_blank\" rel=\"noreferrer noopener\">https:\/\/www.lolosfriends.de\/<\/a><br><br><strong>Einen Anspruch auf R\u00fcckerstattung bei Nichtantritt besteht nicht.<\/strong><\/p>\n\n\n\n<p><strong>Heuchelberg-Stromberg TRAIL-CUP<\/strong><br>F\u00fcr die Gesamtwertung des Trail-Cup werden die Einzelzeiten der folgenden Veranstaltungen aufaddiert.<br><strong>Die geplante Laufserie im \u00dcberblick:<\/strong><\/p>\n\n\n\n<ul class=\"wp-block-list\">\n<li>Dinosaurier Challenge Pfaffenhofen (18,3 km \/ 380 H\u00f6henmeter)<\/li>\n\n\n\n<li>ZEAG-Energie Heuchelbergtrail Leingarten (24 km \/ 600 H\u00f6henmeter)<\/li>\n\n\n\n<li>GLS-Eselsburg Trail Vaihingen-Ensingen (24 km \/ 550 H\u00f6henmeter)<\/li>\n<\/ul>\n\n\n\n<p>Die Siegerehrung f\u00fcr den Cup erfolgt im Rahmen der letzten Veranstaltung in Ensingen.&nbsp;<\/p>\n\n\n\n<p><strong>MARKIERUNG DER STRECKE<br><\/strong>Die Strecke des&nbsp;<strong>Heuchelbergtrail&nbsp;<\/strong>wird von einem erfahrenen und kompetenten Markierungsteam mit Markierungsspray, Richtungspfeilen, Trassier- bzw. Flatterb\u00e4ndern, usw. markiert. Zudem stehen an wichtigen Punkten Streckenposten. Ein Anspruch auf eine durchgehende Markierung der Strecke, die eine eigene Orientierung im Gel\u00e4nde \u00fcberfl\u00fcssig machen w\u00fcrde, besteht jedoch nicht. Normalerweise findet ihr in regelm\u00e4\u00dfigen Abst\u00e4nden Markierungen. Ebenso ist darauf hinzuweisen, dass es leider manchmal der Fall sein kann, dass die Markierungen von Dritten entfernt werden. Die Markierungen werden von den Schlussl\u00e4ufern unmittelbar nach dem letzten L\u00e4ufer abgebaut. Die Strecke ist dann nicht mehr markiert.<\/p>\n\n\n\n<p><strong>SIEGEREHRUNG<br><\/strong>Die Siegerehrung findet ab ca. 19 Uhr im Heuchelbergstadion statt . Geehrt werden pro Distanz jeweils die ersten drei M\u00e4nner sowie die schnellsten drei Frauen. Die Preise werden nur an den\/die Gewinner\/in pers\u00f6nlich ausgeh\u00e4ndigt. Bei Abwesenheit werden diese nicht nachgesandt. Der Anspruch verf\u00e4llt.<\/p>\n\n\n\n<p><strong>STARTNUMMER<br><\/strong>Die Ausgabe der Startunterlagen erfolgt ab 10.30 Uhr im Heuchelbergstadion. Diese muss w\u00e4hrend des gesamten Rennens jederzeit gut sichtbar vorne am K\u00f6rper getragen werden und darf nicht durch Kleidungsst\u00fccke verdeckt werden. Die Startnummer ist pers\u00f6nlich und nicht \u00fcbertragbar. Die Werbung auf den Startnummern darf nicht verdeckt werden. Die Startnummer darf niemals abgenommen werden, es sei denn, der Teilnehmer wird wegen eines Regelversto\u00dfes disqualifiziert oder der Teilnehmer beendet das Rennen vorzeitig.<\/p>\n\n\n\n<p><strong>EMPFEHLUNGSAUSR\u00dcSTUNG<br><\/strong>Wir wollen euch nicht vorschreiben, was ihr mitzuf\u00fchren habt, aber wir empfehlen, vor allem auf der 24k- und der 50k-Strecke, folgende Ausr\u00fcstung:<\/p>\n\n\n\n<ul class=\"wp-block-list\">\n<li>Traillaufschuhe<\/li>\n\n\n\n<li>Trinkrucksack mit 1l Fl\u00fcssigkeit (bei der Utra-Distanz liegen zweimal je 10 km zwischen zwei VPs)<\/li>\n\n\n\n<li>Handy oder GPS-Uhr mit der Strecke (die Daten bekommt ihr auf Anfrage von uns)<\/li>\n<\/ul>\n\n\n\n<p><strong>ZEITNAHME<br><\/strong>Die Zeitnahme erfolgt mittels Einwegtransponders einer Zeitmessfirma. &nbsp;Er misst elektronisch die individuelle Zeit eines jeden Teilnehmers.<\/p>\n\n\n\n<p><strong>START &amp; ZIEL<br><\/strong>Start und Ziel befinden sich im Leingartener Heuchelbergstadion. Am Sportgel\u00e4nde des SV Leingarten am Heuchelbergstadion sind ausreichend Parkm\u00f6glichkeiten vorhanden.<\/p>\n\n\n\n<p><strong>LAUFEN MIT HUNDEN<\/strong><br>Hunde sind beim HBT willkommen, wenn der Besitzer\/ die Besitzerin sicherstellt, dass durch den Hund niemand bel\u00e4stigt\/ver\u00e4ngstigt wird (besonders an engen Passagen). Der Start mit Hund sollte im hinteren Feld passieren. Es gibt keine eigene \u201eHundewertung\u201c!<\/p>\n\n\n\n<p><strong>TASCHENAUFBEWAHRUNG<br><\/strong>Wir bieten keine offizielle Taschenaufbewahrung an. Wenn jemand allerdings keine M\u00f6glichkeit zur Aufbewahrung seiner Sachen w\u00e4hrend dem Rennen hat, kann diese im Gymnastikraum ablegen. Wir \u00fcbernehmen keinerlei Haftung!&nbsp;<\/p>\n\n\n\n<p><strong>DUSCH- UND UMKLEIDEM\u00d6GLICHKEITEN<br><\/strong>Dusch- und Umkleidem\u00f6glichkeiten sind im Vereinsheim des SV Leingarten neben dem Heuchelbergstadion&nbsp;vorhanden.<\/p>\n\n\n\n<p><strong>BILD-, FILM- UND TONRECHTE<br><\/strong>W\u00e4hrend der Veranstaltung und des Rahmenprogramms werden Bild- und Filmmaterial erstellt. Die Teilnehmenden erkl\u00e4ren sich einverstanden, dass das Bild- und Filmmaterial zu Informations-, Werbe- und Marketingzwecken uneingeschr\u00e4nkt genutzt werden darf. Die Teilnehmenden haben keinen Anspruch auf Verg\u00fctung durch die Bild- oder Filmaufnahmen.<\/p>\n\n\n\n<p><strong>HILFE VON AUSSEN<br><\/strong>Kein Teilnehmer darf Hilfe von Dritten (Zuschauer, Betreuer, andere Teilnehmer) \u2013 mit Ausnahme bei St\u00fcrzen, Verletzungen und anderen Notsituationen \u2013 w\u00e4hrend des Rennens in Anspruch nehmen. Ausgenommen hiervon sind nur das Reichen von Verpflegung, Getr\u00e4nken, Kleidungsst\u00fccken oder Ersatzmaterialien durch am Wegesrand stehende Begleiter sowie die medizinische Hilfe.<\/p>\n\n\n\n<p><strong>SONSTIGES<br><\/strong>\/\/Versicherung ist Sache des Teilnehmers. Der Veranstalter haftet nicht f\u00fcr Unf\u00e4lle und sonstige Sch\u00e4den.<\/p>\n\n\n\n<p><strong>NACHHALTIGKEIT<br>Anreise mit den \u00d6VIS:<\/strong><br>Eine Anreise mit den \u00d6VIS ist am besten mit der S-Bahn von Heilbronn oder von Eppingen aus m\u00f6glich. Ihr steigt an der Haltestelle Leingarten Bahnhof aus. Von hier aus sind es ca. 1,6 km zu Fu\u00df. Gerne k\u00f6nnt ihr uns im Vorfeld per Mail kontaktieren, dann k\u00f6nnen wir daf\u00fcr sorgen, dass ihr abgeholt werdet.<br><br><strong>Startnummer ist Elektroschrott<\/strong><br>Durch die in den Startnummern integrierte Zeitnahme d\u00fcrfen die Startnummern nicht im Restm\u00fcll entsorgt werden. Gerne k\u00f6nnt ihr uns nach dem Rennen eure Startnummer geben, so dass wir diese fachgerecht entsorgen k\u00f6nnen.<\/p>\n\n\n\n<p><strong>SPEZIELLE HEUCHELBERGTRAIL REGELN<br>\/\/<\/strong>Der <strong>Heuchelbergtrail&nbsp;<\/strong>findet auf \u00f6ffentlichen und nicht gesperrten Stra\u00dfen, Forststra\u00dfen und Wanderwegen statt.<br>\/\/Die Teilnehmer m\u00fcssen sich jederzeit an die Stra\u00dfenverkehrsordnung halten. Alle Teilnehmer m\u00fcssen den Anweisungen der Polizei, des Rennleiters und Streckenchefs sowie des sonstigen Streckenpersonals Folge leisten.<br>\/\/Der <strong>Heuchelbergtrail&nbsp;<\/strong>f\u00fchrt gro\u00dfteils auf Wanderwegen durch den Wald. Abseits der offiziellen Route kann teilweise Absturzgefahr herrschen, weshalb Abk\u00fcrzungen (auch das \u201eshortcutting\u201c von Spitzkehren, Kurven, Serpentinen&#8230;) oder selbst gew\u00e4hlte Wegvarianten verboten sind. Jeder Teilnehmer l\u00e4uft auf eigene Gefahr.<br>\/\/Jeder Teilnehmer hat bei un\u00fcbersichtlichen oder gef\u00e4hrlichen Streckenabschnitten die notwendige Vorsicht walten zu lassen. Der Veranstalter beh\u00e4lt sich vor, auf gef\u00e4hrlichen Wegabschnitten \u00dcberholverbote auszusprechen, bzw. die Teilnehmer anzuhalten, ihr Geh-, bzw. Lauftempo zu reduzieren und entsprechende Vorsicht walten zu lassen.<br>\/\/Der Veranstalter beh\u00e4lt sich vor, im Vorfeld der Veranstaltung oder witterungsbedingt auch kurzfristig Streckenabschnitte zu \u00e4ndern bzw. durch Alternativrouten zu ersetzen.<br>\/\/Au\u00dfer unmittelbar an den Kontrollstellen in die daf\u00fcr vorgesehenen Abfallbeh\u00e4lter ist es untersagt, Abfall wie Verpflegungsverpackungen, Flaschen oder Getr\u00e4nkebecher in der Natur zu entsorgen. Eine Zuwiderhandlung f\u00fchrt zur sofortigen Disqualifikation.<br>\/\/Es gilt unter allen Teilnehmern das Gebot der R\u00fccksichtnahme, Sportlichkeit und Fairness.<\/p>\n\n\n\n<p><strong>K\u00dcNDIGUNG ZWISCHEN TEILNEHMER UND VERANSTALTER<br><\/strong>Der Veranstalter beh\u00e4lt sich jedem einzelnen Teilnehmer gegen\u00fcber bis zum offiziellen Schluss der Veranstaltung ein vertragliches K\u00fcndigungsrecht in der Form eines R\u00fccktrittsrechtes nach \u00a7\u00a7 324, 241 Abs.2 BGB vor. Die Abwicklung erfolgt dann nach \u00a7 346 BGB. \u201c<\/p>\n\n\n\n<p><strong>TEILNAHMEBEDINGUNGEN<br><\/strong>Der <strong>Heuchelbergtrail&nbsp;<\/strong>ist ein Trail-Run auf dem Heuchelberg. Wundersch\u00f6ne, anspruchsvolle Strecken durch Wald, Weinberge und Naturwegen.&nbsp;Die Strecke beinhaltet teilweise schwierige Abschnitte mit ausgesetzte Stellen und kurzen Kletterpassagen.&nbsp;Im Einzelnen bedeutet dies:<br><br>\/\/Jeder Teilnehmer muss sich der L\u00e4nge der Strecke und der k\u00f6rperlichen Herausforderung bewusst sein und darauf vorbereitet in den Wettkampf gehen<br>\/\/Jeder Teilnehmer best\u00e4tigt mit seinem Akzeptierungshaken in der Anmeldung seine volle Sporttauglichkeit f\u00fcr die Teilnahme an diesem Ausdauerwettkampf mit zum Teil auch physisch extremen Belastungen. Zus\u00e4tzlich versichert jeder Teilnehmer, dass diese Sporttauglichkeit vor dem Wettkampf von einem Sportarzt untersucht und best\u00e4tigt wurde.<br>\/\/Jeder Teilnehmer muss \u00fcber Trittsicherheit und teilweise Schwindelfreiheit auf technisch anspruchsvollen&nbsp;Wegen und Steigen verf\u00fcgen.<br>\/\/Jeder Teilnehmer muss \u00fcber das Verhalten bei Notf\u00e4llen im anspruchsvollen&nbsp;Gel\u00e4nde informiert sein.<br>\/\/Teilnahmeberechtigt sind alle Personen, die zu Veranstaltungsbeginn das 16. Lebensjahr vollendet haben.<br>\/\/Auf der Laufstrecke erfolgen keine Absperrungen bei Stra\u00dfen\u00fcberquerungen. Hier sind die Teilnehmer eigenverantwortlich f\u00fcr ein sicheres und StVO konformes \u00dcberqueren verantwortlich! Jeder Teilnehmer nimmt eigenverantwortlich am Lauf teil.<br><br>Als Veranstalter k\u00f6nnen wir diese erforderlichen Vorerfahrungen und Kenntnisse nicht \u00fcberpr\u00fcfen. Durch die Abgabe der Nennung best\u00e4tigt daher der Teilnehmer\/in, dass er\/sie \u00fcber die aufgef\u00fchrten Erfahrungen und Kenntnisse verf\u00fcgt. Dabei sind die vom Veranstalter aufgelisteten Punkte f\u00fcr eben diese Erfahrungen und Kenntnisse nicht abschlie\u00dfend, sondern gelten vielmehr als Beispiele und allgemeine Erfahrungswerte.<\/p>\n\n\n\n<p><strong>HAFTUNG<br><\/strong>Mit der Abgabe der Nennung erkl\u00e4rt jeder Teilnehmer, dass er das Reglement gelesen, verstanden und damit einverstanden ist.<br><br>Der Start erfolgt auf eigenes Risiko. Insbesondere ist jeder Teilnehmer f\u00fcr seine k\u00f6rperliche Tauglichkeit verantwortlich. Der Teilnehmer erkl\u00e4rt mit Veranstaltungsbeginn verbindlich, dass gegen seine Teilnahme keine gesundheitlichen Bedenken bestehen und sein konditionelles Leistungsniveau den Anforderungen eines derartigen Ausdauerwettkampfes entspricht. Der Veranstalter beh\u00e4lt sich vor, Teilnehmer bei medizinischen Bedenken am Start zu hindern bzw. jederzeit aus dem Rennen zu nehmen!<br><br>Schadensersatzanspr\u00fcche des Teilnehmers gegen\u00fcber dem Veranstalter oder den vom Veranstalter mit der Durchf\u00fchrung beauftragten Dritten gleich aus welchem Rechtsgrund sind ausgeschlossen.<br><br>Bei Beauftragung Dritter durch den Teilnehmer, z.B. Rettungsdienste, sind die dabei entstehenden Kosten durch den Teilnehmer selbst zu tragen bzw. hat der Veranstalter das Recht eventuell entstandene Kosten vom Teilnehmer einzuziehen.<br>Ferner unterliegen alle Teilnehmer den Bestimmungen der StVO.<br>F\u00fcr Diebst\u00e4hle oder andere Schadensf\u00e4lle wird keine Haftung \u00fcbernommen.Absatz<\/p>\n\n\n\n<p><strong>DATENSCHUTZ<br><\/strong>Mit der Anmeldung zur Teilnahme an dieser Veranstaltung willigt der Teilnehmer(-in) in die Speicherung und Nutzung seiner personenbezogenen Daten durch den Veranstalter, f\u00fcr die Zahlungsabwicklung und Organisation der Veranstaltung, die Ver\u00f6ffentlichung und Verbreitung der Ergebnisse, der im Zusammenhang mit der Veranstaltung erstellten Foto- und Filmaufnahmen, sowie der Verwendung und Weitergabe personenbezogener Daten im Rahmen von Werbung und Markt- und Meinungsforschung ein.<br><br>Etwaige \u00c4nderungen dieses Reglements beh\u00e4lt sich die Renn- und Organisationsleitung immer vor!<\/p>\n\n\n\n<p><\/p>\n","protected":false},"excerpt":{"rendered":"<div class=\"mh-excerpt\"><p>Die nachfolgenden aufgelisteten Punkte der Ausschreibung sind f\u00fcr den Heuchelbergtrail&nbsp;g\u00fcltig. Jede\/r Teilnehmer\/in erkennt durch seine\/ihre Anmeldung diese Ausschreibung an und versichert, dass er die einzelnen <a class=\"mh-excerpt-more\" href=\"http:\/\/www.heuchelbergtrail.de\/?page_id=71\" title=\"\/\/AUSSCHREIBUNG\">[&#8230;]<\/a><\/p>\n<\/div>","protected":false},"author":1,"featured_media":0,"parent":0,"menu_order":0,"comment_status":"closed","ping_status":"closed","template":"template-full.php","meta":{"footnotes":""},"class_list":["post-71","page","type-page","status-publish","hentry"],"_links":{"self":[{"href":"http:\/\/www.heuchelbergtrail.de\/index.php?rest_route=\/wp\/v2\/pages\/71","targetHints":{"allow":["GET"]}}],"collection":[{"href":"http:\/\/www.heuchelbergtrail.de\/index.php?rest_route=\/wp\/v2\/pages"}],"about":[{"href":"http:\/\/www.heuchelbergtrail.de\/index.php?rest_route=\/wp\/v2\/types\/page"}],"author":[{"embeddable":true,"href":"http:\/\/www.heuchelbergtrail.de\/index.php?rest_route=\/wp\/v2\/users\/1"}],"replies":[{"embeddable":true,"href":"http:\/\/www.heuchelbergtrail.de\/index.php?rest_route=%2Fwp%2Fv2%2Fcomments&post=71"}],"version-history":[{"count":28,"href":"http:\/\/www.heuchelbergtrail.de\/index.php?rest_route=\/wp\/v2\/pages\/71\/revisions"}],"predecessor-version":[{"id":1786,"href":"http:\/\/www.heuchelbergtrail.de\/index.php?rest_route=\/wp\/v2\/pages\/71\/revisions\/1786"}],"wp:attachment":[{"href":"http:\/\/www.heuchelbergtrail.de\/index.php?rest_route=%2Fwp%2Fv2%2Fmedia&parent=71"}],"curies":[{"name":"wp","href":"https:\/\/api.w.org\/{rel}","templated":true}]}}